NOAA-Style Climate Reports


Report for 2024
                   Annual Climatological Summary for 2024

Name: Saratoga-Weather.org   City: Saratoga   State: California
Elevation: 374 ft  Lat: N 37° 16' 27"   Lon: W 122° 01' 37"

                  Temperature (°F), Heat Base: 18.3  Cool Base: 18.3
                          Dep.  Heat  Cool                       Max  Max  Min  Min
        Mean  Mean        From  Deg   Deg                        >=   <=   <=   <=
 YR MO  Max   Min   Mean  Norm  Days  Days  Hi  Date  Low  Date 27.0  0.0  0.0 -18.0
------------------------------------------------------------------------------------
 24  1  59.5  44.4  51.1   0.0     0  1018  72.1  29  33.5    7   31    0    0    0
 24  2  60.8  44.0  51.2   0.0     0   955  72.1  24  36.5    9   29    0    0    0
 24  3  64.5  45.4  53.9   0.0     0  1101  73.2  16  39.8    8   31    0    0    0
 24  4  70.4  47.4  57.8   0.0     0  1184  82.2  22  38.5    6   30    0    0    0
 24  5  77.1  50.8  63.2   0.0     0  1380  88.8  30  41.9    6   31    0    0    0
 24  6  84.1  56.1  69.2   0.0     0  1526  95.4   5  50.8   19   30    0    0    0
 24  7  90.7  62.0  74.9   0.0     0  1188 103.8   3  57.6   21   21    0    0    0
 24  8
 24  9
 24 10
 24 11
 24 12
------------------------------------------------------------------------------------
        71.6  49.5  59.5   0.0     0  8352 103.8 Jul  33.5  Jan  203    0    0    0

                                Precipitation (in)

              Dep.   Max        Days of Rain
              From   Obs.           >=
 YR MO Total  Norm   Day Date 0.20 2.0020.00
---------------------------------------------
 24  1  5.71  1.08  1.85  31     6    0    0
 24  2  8.93  4.20  2.85   4    12    1    0
 24  3  4.04  0.44  0.93  29     6    0    0
 24  4  1.03 -0.31  0.43  13     2    0    0
 24  5  1.52  1.03  0.76   4     2    0    0
 24  6  0.00  0.00  0.00   0     0    0    0
 24  7  0.00 -0.01  0.00   0     0    0    0
---------------------------------------------
       21.23  6.43  2.85  Feb   28    1    0

                                Wind Speed (mph)
                          Dom
 YR MO   Avg.  Hi   Date  Dir
------------------------------
 24  1   1.4  32.0   31   ENE
 24  2   1.6  39.0   19   SSE
 24  3   1.5  28.0    1   NNW
 24  4   1.5  22.0   23     N
 24  5   1.4  22.0   24     N
 24  6   1.2  19.0   12   NNE
 24  7   1.0  16.0   19     N
 24  8
 24  9
 24 10
 24 11
 24 12
------------------------------
         1.4  39.0  Feb   NNE