NOAA-Style Climate Reports


Report for 2021 July
                   Monthly Climatological Summary for Jul 2021

Name: Saratoga-Weather.org   City: Saratoga   State: California
Elevation: 374 ft  Lat: N 37° 16' 27"   Lon: W 122° 01' 37"

                  Temperature (°F), Rain (in), Wind Speed (mph)

                                      Heat  Cool        Avg
    Mean                              Deg   Deg         Wind                 Dom
Day Temp  High   Time   Low    Time   Days  Days  Rain  Speed High   Time    Dir
----------------------------------------------------------------------------------
01  69.9  81.8  3:22PM  61.8  6:50AM   0.0  51.6  0.00   1.9  13.0  4:41PM   NNE
02  69.0  83.8  2:41PM  61.8  3:02AM   0.0  50.7  0.00   2.1  13.0  3:37PM   NNE
03  68.3  79.4  1:50PM  61.0  6:30AM   0.0  50.0  0.00   2.0  12.0  5:30PM   NNE
04  68.1  80.5  1:46PM  59.8  6:34AM   0.0  49.8  0.00   1.8  12.0  1:44PM   NNE
05  67.7  80.9  2:35PM  59.8  6:08AM   0.0  49.4  0.00   1.7  12.0  3:29PM   NNE
06  66.6  76.5  2:58PM  60.4  7:01AM   0.0  48.4  0.00   1.6  13.0  4:03PM   NNE
07  65.3  73.7  1:09PM  58.9  4:58AM   0.0  47.0  0.00   1.6  13.0  1:27PM     N
08  72.4  91.0  3:44PM  56.7  6:35AM   0.0  54.1  0.00   1.2  11.0  1:31PM   NNE
09  77.4  94.3  2:39PM  63.7  6:03AM   0.0  59.1  0.00   1.2  11.0  1:31PM     N
10  75.6  91.6  3:06PM  60.9  6:06AM   0.0  57.3  0.00   1.3  10.0  1:10PM   NNE
11  69.8  80.9  3:13PM  60.5  6:12AM   0.0  51.5  0.00   1.6  12.0  3:37PM   NNE
12  65.9  76.5  1:47PM  59.3  6:13AM   0.0  47.7  0.00   1.8  12.0  1:51PM   NNE
13  66.2  78.6  3:15PM  59.2  7:09AM   0.0  48.1  0.00   1.8  13.0  3:46PM   NNE
14  67.0  83.0  1:23PM  54.5  6:06AM   0.0  48.7  0.00   1.6  12.0 12:40PM   NNE
15  65.5  77.4  1:45PM  58.3  5:31AM   0.0  47.2  0.00   1.8  13.0  2:19PM   NNE
16  66.9  81.4  2:57PM  55.4  6:32AM   0.0  48.6  0.00   1.4  10.0  2:58PM   NNE
17  69.2  85.3  3:37PM  54.5  6:15AM   0.0  50.9  0.00   1.2  11.0  3:11PM   NNE
18  72.4  90.3  3:57PM  56.7  6:24AM   0.0  54.1  0.00   1.2  10.0  3:42PM   NNE
19  72.3  89.5  2:00PM  61.6  6:47AM   0.0  54.1  0.00   1.3  12.0  3:00PM     N
20  67.4  80.9  2:07PM  55.3  6:40AM   0.0  49.1  0.00   1.2  11.0  1:56PM   NNE
21  67.5  81.1  3:04PM  54.4  6:17AM   0.0  49.2  0.00   1.3  12.0  2:37PM   NNE
22  66.8  81.2  2:49PM  53.8  6:19AM   0.0  48.5  0.00   1.2  12.0 12:27PM     N
23  68.8  88.4  3:55PM  51.7  5:55AM   0.0  50.7  0.00   1.2  11.0  2:37PM   NNE
24  70.4  86.3  3:44PM  57.3  4:12AM   0.0  52.1  0.00   1.0  11.0  4:04PM   NNE
25  70.8  86.7  2:31PM  59.9  6:35AM   0.0  52.5  0.00   1.1  12.0  2:33PM   NNE
26  70.7  87.4  3:18PM  60.1  7:02AM   0.0  52.4  0.00   1.0  13.0  2:26PM   NNE
----------------------------------------------------------------------------------
    69.2  94.3     9    51.7    23     0.01322.8  0.00   1.5  13.0     1     NNE

Max >=  27.0 26
Max <=   0.0  0
Min <=   0.0  0
Min <= -18.0  0
Max Rain: 0.00 on day 0
Days of Rain: 0 (>= 0.20 in)  0 (>= 2.00 in)  0 (>= 20.00 in)
Heat Base: 18.3  Cool Base: 18.3  Method: Integration