NOAA-Style Climate Reports
Select a Year or Month report
2024: Jan Feb Mar Apr May Jun Jul Aug Sep Oct Nov Dec
2023: Jan Feb Mar Apr May Jun Jul Aug Sep Oct Nov Dec
2022: Jan Feb Mar Apr May Jun Jul Aug Sep Oct Nov Dec
2021: Jan Feb Mar Apr May Jun Jul Aug Sep Oct Nov Dec
2020: Jan Feb Mar Apr May Jun Jul Aug Sep Oct Nov Dec
2019: Jan Feb Mar Apr May Jun Jul Aug Sep Oct Nov Dec
2018: Jan Feb Mar Apr May Jun Jul Aug Sep Oct Nov Dec
2017: Jan Feb Mar Apr May Jun Jul Aug Sep Oct Nov Dec
2016: Jan Feb Mar Apr May Jun Jul Aug Sep Oct Nov Dec
2015: Jan Feb Mar Apr May Jun Jul Aug Sep Oct Nov Dec
2024: Jan Feb Mar Apr May Jun Jul Aug Sep Oct Nov Dec
2023: Jan Feb Mar Apr May Jun Jul Aug Sep Oct Nov Dec
2022: Jan Feb Mar Apr May Jun Jul Aug Sep Oct Nov Dec
2021: Jan Feb Mar Apr May Jun Jul Aug Sep Oct Nov Dec
2020: Jan Feb Mar Apr May Jun Jul Aug Sep Oct Nov Dec
2019: Jan Feb Mar Apr May Jun Jul Aug Sep Oct Nov Dec
2018: Jan Feb Mar Apr May Jun Jul Aug Sep Oct Nov Dec
2017: Jan Feb Mar Apr May Jun Jul Aug Sep Oct Nov Dec
2016: Jan Feb Mar Apr May Jun Jul Aug Sep Oct Nov Dec
2015: Jan Feb Mar Apr May Jun Jul Aug Sep Oct Nov Dec
Report for 2024 March
Monthly Climatological Summary for Mar 2024 Name: Saratoga-Weather.org City: Saratoga State: California Elevation: 374 ft Lat: N 37° 16' 27" Lon: W 122° 01' 37" Temperature (°F), Rain (in), Wind Speed (mph) Heat Cool Avg Mean Deg Deg Wind Dom Day Temp High Time Low Time Days Days Rain Speed High Time Dir ---------------------------------------------------------------------------------- 01 52.6 59.8 11:49AM 48.6 6:42AM 0.0 34.3 0.73 3.6 28.0 7:54PM SSW 02 49.1 55.0 1:41PM 45.4 6:10AM 0.0 30.8 0.46 2.7 19.0 1:26AM WSW 03 48.1 57.3 1:21PM 42.8 3:15AM 0.0 29.8 0.15 1.0 16.0 12:55PM SW 04 49.6 58.9 3:05PM 43.3 5:20AM 0.0 31.3 0.01 0.7 12.0 9:58AM E 05 51.2 58.3 3:47PM 42.3 2:34AM 0.0 32.9 0.00 1.7 17.0 9:56AM ESE 06 53.3 59.5 12:56PM 48.0 11:55PM 0.0 35.1 0.37 0.6 10.0 1:06PM NW 07 51.1 60.4 3:20PM 43.8 11:54PM 0.0 32.8 0.00 1.2 10.0 3:35PM NW 08 52.0 67.4 3:38PM 39.8 6:29AM 0.0 33.7 0.01 1.1 11.0 11:11AM NW 09 53.9 64.3 2:21PM 44.6 6:38AM 0.0 35.6 0.00 1.1 10.0 3:56PM NNE 10 55.9 64.5 2:23PM 48.8 7:57AM 0.0 36.0 0.00 1.3 12.0 11:19AM ENE 11 54.4 61.0 2:18PM 49.2 7:12AM 0.0 36.1 0.15 1.7 14.0 2:41AM NE 12 55.2 64.8 1:35PM 46.7 11:59PM 0.0 36.9 0.04 1.8 14.0 4:12AM NNW 13 52.9 64.3 4:28PM 42.3 7:31AM 0.0 34.6 0.00 1.8 15.0 4:38PM NW 14 57.8 67.9 4:48PM 48.3 5:01AM 0.0 39.5 0.00 3.3 20.0 11:39AM N 15 58.0 72.5 3:58PM 44.1 7:25AM 0.0 39.7 0.00 1.8 17.0 12:12PM NW 16 57.2 73.2 3:29PM 44.1 7:32AM 0.0 38.9 0.00 1.6 12.0 3:29PM NNE 17 55.2 71.6 2:44PM 41.8 7:20AM 0.0 36.9 0.00 1.3 13.0 3:20PM N 18 56.2 72.3 4:01PM 42.9 7:15AM 0.0 37.9 0.00 1.1 10.0 2:33PM N ---------------------------------------------------------------------------------- 53.5 73.2 16 39.8 8 0.0 632.8 1.92 1.6 28.0 1 NNW Max >= 27.0 18 Max <= 0.0 0 Min <= 0.0 0 Min <= -18.0 0 Max Rain: 0.73 on day 1 Days of Rain: 3 (>= 0.20 in) 0 (>= 2.00 in) 0 (>= 20.00 in) Heat Base: 18.3 Cool Base: 18.3 Method: Integration