NOAA-Style Climate Reports


Report for 2024 May
                   Monthly Climatological Summary for May 2024

Name: Saratoga-Weather.org   City: Saratoga   State: California
Elevation: 374 ft  Lat: N 37° 16' 27"   Lon: W 122° 01' 37"

                  Temperature (°F), Rain (in), Wind Speed (mph)

                                      Heat  Cool        Avg
    Mean                              Deg   Deg         Wind                 Dom
Day Temp  High   Time   Low    Time   Days  Days  Rain  Speed High   Time    Dir
----------------------------------------------------------------------------------
01  61.0  77.4  4:12PM  45.2  6:28AM   0.0  42.7  0.00   1.3  13.0 12:33PM     N
02  62.1  76.3  3:33PM  48.3  6:17AM   0.0  43.8  0.00   1.4  13.0  3:58PM     N
03  63.4  76.3  2:18PM  53.5  6:29AM   0.0  45.1  0.00   1.5  16.0  6:21PM     N
04  53.0  57.6 12:00AM  47.1 11:56PM   0.0  34.6  0.76   1.4  16.0  7:12AM    SE
05  52.7  64.0  3:32PM  42.9  6:25AM   0.0  34.4  0.00   1.4  17.0  9:53AM    NW
06  54.6  67.3  3:48PM  41.9  5:52AM   0.0  36.3  0.00   1.5  13.0  5:19PM     N
07  58.3  71.5  4:45PM  46.2  4:39AM   0.0  40.0  0.00   1.4  16.0  2:16PM   NNW
08  63.9  77.6  4:24PM  47.4  6:20AM   0.0  45.5  0.00   2.2  18.0  3:36PM   NNW
09  71.2  82.8  4:34PM  53.5  6:20AM   0.0  41.1  0.76   1.3  11.0 12:18PM   NNW
10  69.3  86.5  3:09PM  52.8  6:04AM   0.0  51.0  0.00   1.1  12.0  3:09PM     N
11  68.6  85.5  1:52PM  54.1  6:04AM   0.0  50.2  0.00   1.2  11.0  2:59PM   NNE
12  65.4  77.6  3:42PM  56.6  2:30AM   0.0  47.1  0.00   1.3  11.0  5:13PM     N
13  62.3  73.7  3:01PM  55.0  1:29AM   0.0  43.9  0.00   1.3  12.0  4:34PM     N
14  64.5  80.9  2:55PM  54.8  6:15AM   0.0  46.3  0.00   1.2  12.0  3:59PM   NNE
15  64.4  78.1  2:34PM  56.0  6:37AM   0.0  46.1  0.00   1.4  12.0  2:41PM   NNE
16  65.1  80.1  2:31PM  54.4  5:14AM   0.0  46.8  0.00   1.6  11.0  2:38PM    NE
17  64.8  76.5  2:26PM  56.5  6:35AM   0.0  46.4  0.00   2.2  14.0 10:26AM   ENE
18  63.6  77.9  3:44PM  53.6  3:34AM   0.0  45.3  0.00   1.8  13.0  3:42PM   ENE
19  62.2  77.2  2:22PM  49.1  6:04AM   0.0  43.9  0.00   1.6  13.0 10:00AM    NE
20  62.0  77.7  3:12PM  46.8  5:59AM   0.0  43.7  0.00   1.3  13.0  4:30PM     N
----------------------------------------------------------------------------------
    62.6  86.5    10    41.9     6     0.0 874.3  1.52   1.5  18.0     8     NNE

Max >=  27.0 20
Max <=   0.0  0
Min <=   0.0  0
Min <= -18.0  0
Max Rain: 0.76 on day 4
Days of Rain: 2 (>= 0.20 in)  0 (>= 2.00 in)  0 (>= 20.00 in)
Heat Base: 18.3  Cool Base: 18.3  Method: Integration