NOAA-Style Climate Reports


Report for 2022 January
                   Monthly Climatological Summary for Jan 2022

Name: Saratoga-Weather.org   City: Saratoga   State: California
Elevation: 374 ft  Lat: N 37° 16' 27"   Lon: W 122° 01' 37"

                  Temperature (°F), Rain (in), Wind Speed (mph)

                                      Heat  Cool        Avg
    Mean                              Deg   Deg         Wind                 Dom
Day Temp  High   Time   Low    Time   Days  Days  Rain  Speed High   Time    Dir
----------------------------------------------------------------------------------
01  40.7  51.7  2:42PM  34.6  7:14AM   0.0  22.5  0.00   0.0   7.0  2:00PM     N
02  42.3  56.9  2:20PM  31.2  7:05AM   0.0  24.0  0.00   0.0  13.0  2:00PM   ESE
03  48.7  55.7  1:36PM  40.9  7:45AM   0.0  30.5  0.01   0.7  14.0  7:00PM   ESE
04  52.4  60.7  2:49PM  45.8  7:49AM   0.0  34.1  0.01   0.1   7.0 12:00AM   ENE
05  53.6  61.8  2:43PM  45.8  7:55AM   0.0  35.3  0.00   0.1   7.0  1:36PM     N
06  55.3  60.4  2:03PM  52.0  9:54PM   0.0  37.0  0.00   0.0   6.0  1:48PM     N
07  51.6  59.3  1:58PM  44.1 11:17PM   0.0  33.3  0.00   0.3  11.0 11:41AM     E
08  48.1  55.3  2:44PM  40.3 11:57PM   0.0  29.8  0.00   0.2  10.0 11:27AM     N
09  45.7  59.5  3:28PM  36.5  6:41AM   0.0  27.4  0.01   0.0   5.0 10:36AM     N
10  49.1  62.9  3:37PM  41.5  7:45AM   0.0  30.8  0.00   0.0   5.0 12:54PM     N
11  49.1  64.5  2:47PM  39.5  7:41AM   0.0  30.9  0.00   0.0   6.0 11:59AM     N
12  49.2  61.8  2:21PM  39.6  7:15AM   0.0  31.0  0.00   0.0   5.0 12:11PM     N
13  50.4  63.2  2:29PM  43.1  8:10AM   0.0  32.1  0.00   0.0   5.0  1:21PM     N
14  50.1  62.4  3:01PM  40.9  4:34AM   0.0  31.8  0.00   0.1  15.0 10:52AM    NW
15  50.7  62.9  2:53PM  39.8  6:56AM   0.0  32.4  0.00   0.0   5.0 10:12AM     N
16  53.7  63.7  2:46PM  45.4  8:14AM   0.0  35.4  0.00   0.0   5.0  2:30PM     N
17  52.2  62.6  4:23PM  44.5  7:33AM   0.0  33.9  0.00   0.0   6.0  1:02PM   NNW
18  47.0  56.7  4:08PM  39.9  7:20AM   0.0  28.7  0.00   0.1   6.0  8:44AM   NNE
19  49.9  62.4  2:53PM  42.3 12:43AM   0.0  31.6  0.00   0.6   9.0  1:58PM   NNW
----------------------------------------------------------------------------------
    49.5  64.5    11    31.2     2     0.0 592.5  0.03   0.1  15.0    14      NE

Max >=  27.0 19
Max <=   0.0  0
Min <=   0.0  0
Min <= -18.0  0
Max Rain: 0.01 on day 3
Days of Rain: 0 (>= 0.20 in)  0 (>= 2.00 in)  0 (>= 20.00 in)
Heat Base: 18.3  Cool Base: 18.3  Method: Integration