NOAA-Style Climate Reports


Report for 2024 February
                   Monthly Climatological Summary for Feb 2024

Name: Saratoga-Weather.org   City: Saratoga   State: California
Elevation: 374 ft  Lat: N 37° 16' 27"   Lon: W 122° 01' 37"

                  Temperature (°F), Rain (in), Wind Speed (mph)

                                      Heat  Cool        Avg
    Mean                              Deg   Deg         Wind                 Dom
Day Temp  High   Time   Low    Time   Days  Days  Rain  Speed High   Time    Dir
----------------------------------------------------------------------------------
01  52.0  59.6  2:42PM  47.9 11:54PM   0.0  33.7  0.27   0.7  11.0  3:48PM     S
02  49.2  56.3  1:09PM  44.1  9:11PM   0.0  30.9  0.25   0.7  12.0 12:11PM     W
03  48.8  56.2  2:03PM  44.1  1:59AM   0.0  30.5  0.46   1.1  13.0 10:52PM     E
04  52.7  58.3  2:07PM  48.0 12:00AM   0.0  34.3  2.85   5.2  33.0  3:25PM    SE
05  52.0  56.3  4:10PM  48.5 10:15PM   0.0  33.7  0.50   1.6  21.0  3:10AM    SE
06  49.5  56.7  2:46PM  44.3 10:56PM   0.0  31.1  0.04   0.8  11.0  1:41PM    NW
07  47.2  49.6 10:11AM  44.9 12:00AM   0.0  28.8  0.56   1.6  18.0  5:18PM   WNW
08  45.3  56.0  3:40PM  36.9  6:56AM   0.0  27.0  0.00   1.0  12.0  3:24PM   NNW
09  45.5  56.2  3:20PM  36.5  6:16AM   0.0  27.2  0.00   1.1  12.0  3:21PM    NW
10  47.9  60.1  3:07PM  38.8  7:17AM   0.0  29.6  0.00   1.5  12.0 10:57AM    NW
11  48.0  61.2  2:52PM  39.1  6:37AM   0.0  29.7  0.00   1.1   8.0  2:32PM    NW
12  47.9  61.3  3:04PM  38.6  6:25AM   0.0  29.7  0.00   0.9  10.0  3:10PM    NW
13  49.2  62.4  2:30PM  41.3  2:51AM   0.0  30.8  0.00   1.1  12.0  3:45PM     N
14  51.5  58.0  1:34PM  44.6 12:00AM   0.0  33.3  0.23   1.7  20.0  4:17PM   ESE
15  52.0  62.9  2:50PM  43.6  5:44AM   0.0  33.7  0.01   0.8   8.0  1:56PM   NNW
16  52.3  61.5  3:43PM  45.8  5:05AM   0.0  34.0  0.00   0.4   8.0  4:14PM     E
17  54.2  58.3  1:56PM  50.1  1:43AM   0.0  35.9  0.51   2.9  22.0 12:53PM   ESE
18  56.6  67.1  1:01PM  50.2  2:21AM   0.0  38.3  1.18   3.0  35.0  7:38PM    SE
19  55.7  59.5 10:48AM  53.6  3:07AM   0.0  37.4  1.33   6.0  39.0 10:35AM     S
20  54.1  61.2 11:43AM  48.8 11:57PM   0.0  35.7  0.29   1.6  16.0 11:21AM   ESE
21  50.8  61.0  2:50PM  42.2  7:08AM   0.0  32.5  0.02   0.8  10.0  3:08PM    NW
22  51.9  64.7  3:00PM  43.6  5:52AM   0.0  33.6  0.00   0.9   9.0  3:38PM   NNW
23  52.3  65.3  3:51PM  43.1  5:40AM   0.0  34.0  0.01   0.9   8.0  3:09PM   WNW
24  56.2  72.1  3:17PM  44.3  7:02AM   0.0  37.9  0.00   1.1   7.0 11:58AM    NW
25  54.9  68.3  2:17PM  44.5  6:53AM   0.0  36.6  0.00   1.3  10.0  2:15PM     N
----------------------------------------------------------------------------------
    51.1  72.1    24    36.5     9     0.0 819.8  8.51   1.6  39.0    19      SE

Max >=  27.0 25
Max <=   0.0  0
Min <=   0.0  0
Min <= -18.0  0
Max Rain: 2.85 on day 4
Days of Rain: 11 (>= 0.20 in)  1 (>= 2.00 in)  0 (>= 20.00 in)
Heat Base: 18.3  Cool Base: 18.3  Method: Integration