NOAA-Style Climate Reports


Report for 2024 July
                   Monthly Climatological Summary for Jul 2024

Name: Saratoga-Weather.org   City: Saratoga   State: California
Elevation: 374 ft  Lat: N 37° 16' 27"   Lon: W 122° 01' 37"

                  Temperature (°F), Rain (in), Wind Speed (mph)

                                      Heat  Cool        Avg
    Mean                              Deg   Deg         Wind                 Dom
Day Temp  High   Time   Low    Time   Days  Days  Rain  Speed High   Time    Dir
----------------------------------------------------------------------------------
01  73.9  93.2  3:38PM  58.3  6:06AM   0.0  55.6  0.00   0.9  11.0  3:33PM   NNE
02  80.9 103.3  4:02PM  61.6  5:58AM   0.0  62.6  0.00   0.8  12.0  5:54PM     N
03  84.1 103.8  3:18PM  65.3  6:21AM   0.0  65.8  0.00   0.8  11.0  2:28PM   NNE
04  80.4  96.1  3:30PM  65.5  6:08AM   0.0  62.0  0.00   0.8  11.0  2:19PM     N
05  78.5  96.8  4:01PM  61.6  6:04AM   0.0  60.2  0.00   0.8   9.0  2:22PM   NNE
06  78.9  98.7  3:47PM  61.6  6:12AM   0.0  60.6  0.00   0.6   8.0  4:20PM   NNE
07  76.2  92.1  2:33PM  63.5  6:02AM   0.0  57.9  0.00   0.9  10.0  2:20PM     N
08  73.9  87.6  3:46PM  63.4  2:19AM   0.0  55.6  0.00   0.9  11.0  4:44PM   NNE
09  69.8  81.6  2:00PM  60.1  4:04AM   0.0  51.5  0.00   1.0  13.0  1:03PM     N
10  76.8  94.3  4:17PM  64.7  5:42AM   0.0  58.5  0.00   0.6  10.0  5:39PM   NNE
11  81.0 100.7  4:12PM  63.7  6:25AM   0.0  62.7  0.00   0.6  10.0  3:13PM   NNE
12  78.7  95.4  3:20PM  65.5  6:11AM   0.0  60.4  0.00   1.0  11.0  3:47PM   NNE
13  73.0  85.1  2:37PM  65.2  6:08AM   0.0  54.7  0.00   1.2  11.0 11:27AM   NNE
14  70.3  81.8  4:36PM  63.2  3:17AM   0.0  52.0  0.00   1.4  11.0  1:56PM     N
15  68.1  77.4  2:45PM  61.5  6:44AM   0.0  49.7  0.00   1.5  12.0  3:40PM   NNE
16  68.0  79.2  2:46PM  61.2  6:11AM   0.0  49.7  0.00   1.6  12.0  4:03PM   NNE
17  68.4  80.5  5:04PM  58.7  6:52AM   0.0  50.1  0.00   1.3  11.0  3:00PM   NNE
18  71.8  90.1  2:59PM  59.0  6:35AM   0.0  54.6  0.00   1.1  12.0  4:35PM   NNE
19  77.4  99.4  3:45PM  58.9  6:10AM   0.0  59.1  0.00   1.4  16.0  4:35PM     N
20  73.0  86.5  2:55PM  61.6  6:07AM   0.0  54.7  0.00   1.2  11.0  3:03PM   NNE
21  68.7  80.9  3:01PM  57.6  6:11AM   0.0  50.4  0.00   1.2  11.0  3:11PM     N
----------------------------------------------------------------------------------
    74.9 103.8     3    57.6    21     0.01188.4  0.00   1.0  16.0    19     NNE

Max >=  27.0 21
Max <=   0.0  0
Min <=   0.0  0
Min <= -18.0  0
Max Rain: 0.00 on day 0
Days of Rain: 0 (>= 0.20 in)  0 (>= 2.00 in)  0 (>= 20.00 in)
Heat Base: 18.3  Cool Base: 18.3  Method: Integration